5874 - -26438. Calculate the highest common factor of 300 and a.
12
Let y(o) = 4*o**2 - 6. Let x be y(7). Suppose -5*s = -2*k - x, 2*k = -4*s - 0*s + 170. What is the greatest common factor of s and 20?
20
Let s = 155 + -136. Suppose -4*m = x - 2*x + s, -23 = -3*x - 5*m. What is the highest common divisor of x and 319?
11
Suppose -l - 500 = -5*l. Let s be 75/2*(30 + (-9 - 19)). What is the highest common divisor of s and l?
25
Let n = -58 + 179. Let w(p) = 2*p + 27. Let s be w(-11). Suppose v + 28 = s*v + 4*h, -4*h - 27 = -v. What is the highest common factor of v and n?
11
Let k be (-104)/(-156)*(19 - 1). What is the highest common divisor of k and 700?
4
Let q(k) = 35*k**2 + 22*k - 25. Let w(o) = 53*o**2 + 34*o - 38. Let u(d) = 8*q(d) - 5*w(d). Let s be u(3). What is the highest common factor of s and 22?
11
Let h = 6 - 58. Let p be (35/(-10) + -2)/(1/(-6)). Let z = p - h. Calculate the highest common factor of z and 51.
17
Suppose 2*x - 9*x = -35. Suppose a - 18 = 5*f, 0*a + 130 = 5*a - x*f. Let l = -23 - -30. What is the greatest common divisor of l and a?
7
Let p = -8 + 129. Let n = 2492 - 2448. Calculate the greatest common factor of p and n.
11
Let x = -10855 + 10923. Calculate the highest common divisor of x and 799.
17
Let i(l) = -l**2 - 12*l. Let d be i(-6). Suppose -62*f + 103*f + 816 = 75*f. What is the highest common divisor of f and d?
12
Let x be 5/((-25)/2) + 681/15. Suppose 328*b - x = 325*b. Calculate the highest common divisor of b and 255.
15
Let f(k) = k**3 - k**2 - 5*k + 19. Let j be f(3). Suppose 1527 = -j*r + 16157. Calculate the highest common factor of 285 and r.
95
Suppose -l = -3*m - 4815, 875 = l - 5*m - 3946. What is the greatest common divisor of 890 and l?
178
Let v(c) = -c**3 - 8*c**2 - 8*c - 58. Let u be v(-8). Suppose 0 = -u*d + 31 + 137. What is the greatest common divisor of 700 and d?
28
Let m = 60 + -43. Let w be 3 + (-13)/4 + (-170)/(-40). Suppose n - 5*n - 472 = -w*h, 3*n - 3 = 0. Calculate the greatest common factor of m and h.
17
Suppose 2*l = 4*o - 26, -4*o + 4*l + 24 = -3*o. Let n = 17 - 13. Suppose 4*a = k - 1 + 17, -4*a + n = -4*k. Calculate the greatest common divisor of o and k.
4
Let w(p) = 13*p - 75. Let l be w(24). Suppose -6*z + 87 + l = 0. Let u(d) = 4*d - 2. Let g be u(2). Calculate the highest common factor of z and g.
6
Let d = -18282 - -18312. Calculate the greatest common factor of d and 22930.
10
Suppose 0 = 102*b - 226 - 7885 - 19735. Calculate the greatest common divisor of b and 483.
21
Suppose -11*w + 732 = -3910. What is the highest common divisor of 26 and w?
2
Let j = 2 + -3. Let c be j*((-2)/6)/(3/(-1017)). Let o = 127 + c. Calculate the highest common divisor of 91 and o.
7
Suppose 6*s = 3896 - 1676. Suppose -221 = -2*u - 5*z + 65, u - 150 = z. Calculate the highest common divisor of s and u.
74
Let z = 7545 + -5179. Calculate the greatest common divisor of 70 and z.
14
Suppose 769*z - 1240*z = -116808. Calculate the greatest common divisor of z and 3379.
31
Let r(t) = 4*t**2 + 11*t + 1. Let j be r(-3). Let d(n) = 3*n**3 - 4*n**2 - 5*n + 20. Let m be d(j). Calculate the greatest common divisor of 80 and m.
16
Let q = 86 + -81. Let x(t) = t**2 - 3*t - 4. Let m be x(q). Let y(r) = -r + 20. Let g be y(m). Calculate the highest common factor of 126 and g.
14
Let y = -7 - -95. Let f = 191 + -125. Calculate the greatest common factor of f and y.
22
Let w = -15902 - -18909. Calculate the greatest common divisor of w and 873.
97
Suppose 7*k + 588 = 91*k. Calculate the highest common factor of k and 2898.
7
Let d be (-6)/2*-9 - -1. Suppose -3*g = -3*k + 407 + 262, 2*g = 4*k - 894. Calculate the greatest common factor of k and d.
28
Let o(n) = -7*n - 54. Let c be o(-8). Let l be 21539/595 - (c*-1)/(-10). What is the greatest common divisor of 18 and l?
18
Let s = 4877 + -4817. What is the highest common divisor of s and 1780?
20
Let z(u) = -35*u + 569. Let w be z(7). Calculate the highest common divisor of w and 192.
12
Let f = 63 - 67. Let u be (-47)/f - (-1)/4. Let v be (1/(-5)*u)/(8/(-40)). Calculate the highest common divisor of v and 12.
12
Let y = -6 - -7. Suppose 21*w - 23*w = 1656. Let t = w + 831. Calculate the greatest common factor of t and y.
1
Suppose 20*c + 179*c = 156016. What is the highest common divisor of c and 980?
196
Let r = 1267 - -1003. What is the highest common factor of 10 and r?
10
Let n(p) = p**2 - 2*p - 3. Let d be n(8). Let h(r) = 2*r**2 + 16*r + 5. Suppose 3*l + 22 = -2. Let z be h(l). Calculate the greatest common divisor of d and z.
5
Let y(w) = -42*w**2 + 4*w - 1. Let h be y(-2). Let c = h + 411. Let l be (-13 + 0)*((-2 - -2) + -2). Calculate the greatest common divisor of c and l.
26
Suppose -17 = -3*n + t + 31, -2*n + 3*t = -32. Let p = -2 - -6. Calculate the greatest common factor of p and n.
4
Suppose 4*a - 5*m - 3 = 0, 5 = 3*a + 2*m - 3. Suppose -a*p = 65 - 95. What is the highest common divisor of p and 5?
5
Let s(w) = w**2 + 118*w + 2625. Let g be s(-96). What is the greatest common divisor of 54 and g?
27
Let w = -1228 + 2220. What is the greatest common divisor of w and 310?
62
Suppose 39*x = 85*x - 20700. What is the greatest common factor of 600 and x?
150
Let b = -212 + 227. Let c(n) = -6*n - 7. Let f be c(-2). Calculate the greatest common factor of f and b.
5
Let v be (5 - -7)*(-8 + (-1130)/(-15)). Calculate the greatest common divisor of 8 and v.
8
Suppose 267712 = -352*y + 399*y. Calculate the highest common factor of 89 and y.
89
Let t be (20/(-6))/((-4)/6). Suppose -5*y - 11 - 109 = -t*p, 0 = 4*p + 5*y - 78. What is the greatest common factor of 330 and p?
22
Suppose -927*s = -953*s + 1404. Let j be 628/26 - 4/26. Let v = 105 - j. What is the greatest common factor of v and s?
27
Suppose 2*k - 92 = 3*l + 30, -3*k = -5*l - 182. Calculate the highest common factor of 160 and k.
32
Let q = 143 + -126. Suppose w - q*m = -22*m + 17, 3*m = -5*w + 63. Calculate the greatest common divisor of w and 24.
12
Suppose -4963 - 690 = -4*h - 3*z, -2*z = -3*h + 4227. What is the greatest common divisor of h and 119?
17
Suppose 3*p = p - 6. Let r = 12 + p. Let n be (3 - 302/(-5)) + r/15. What is the highest common factor of n and 160?
32
Let p be 57/((-2 - -3)*1). Suppose -15*b - 188 = -1613. What is the greatest common divisor of p and b?
19
Let k be (-5)/1 + (-48)/(-6) + 1. Suppose -2*o = -k*p - 18, -42 = -2*o + p - 5*p. Calculate the highest common factor of o and 915.
15
Suppose -n - n = -52. Suppose -394 = -3*d - 4*h, -d + h = -n - 117. Let f be ((-184)/(-10))/(16/40). Calculate the greatest common divisor of d and f.
46
Suppose -2*z = -6, w + 2*z + 3*z = -236. Let s = -130 - w. Calculate the highest common factor of s and 11.
11
Suppose -2*f + 0*f = -6. Let s be 4/10 - (3 + (-168)/30). Suppose -8*w = 2*m - s*w - f, -2*m + 6 = 4*w. What is the highest common factor of 45 and m?
9
Let d be (-3)/(15/10) - -8. Let m(t) = 33*t - 162. Let a be m(d). Calculate the highest common factor of a and 96.
12
Let c be 376*(81/12)/(-9)*339/(-9). What is the greatest common factor of 94 and c?
94
Suppose 18 = 3*o + 3*y, 2*y = 5*o + 32 - 41. What is the greatest common factor of o and 1929?
3
Let f be ((-35)/2)/((-75)/180). Calculate the highest common divisor of f and 7917.
21
Suppose 5*g - 5*a = 11365, 13*g - 4558 = 11*g - 4*a. Calculate the greatest common factor of g and 728.
91
Suppose 10235 = 46*t - 42*t + 5*o, -t - o = -2560. Calculate the greatest common divisor of 76 and t.
19
Suppose 2*i + 4*i + 500 = 7*i. What is the highest common factor of 625 and i?
125
Let c be (-6)/(-1) - (-331 + -16 + 6). Suppose -11 = -348*u + c*u. What is the greatest common divisor of 44 and u?
11
Let m be -2 - 4/4 - -14. Let s(z) = 190 + 2*z**2 - 17*z - 97 - 100. Let q be s(m). Calculate the highest common divisor of q and 6.
6
Let l(q) be the first derivative of -q**3 + 87*q**2/2 + 8*q + 10. Let d be l(29). Calculate the greatest common divisor of d and 16.
8
Let p = 45322 - 44067. Calculate the greatest common divisor of 502 and p.
251
Suppose -2*p - 396 = 3*v - 5*v, -2*v + 4*p + 392 = 0. Suppose 3*m - 7*m = -160. What is the greatest common factor of v and m?
40
Let z be (-34)/(-18) + 1400/(-1575). Calculate the highest common factor of 4529 and z.
1
Let h(m) = m**3 +